 = 5, -4*r - 3*d + 9 = 0. Suppose 0 = -r*f - 3 + 36. Is 11 a factor of f?
True
Let d(q) = 6*q - 8. Is 16 a factor of d(20)?
True
Suppose -5*a = -0*a - 290. Let f = a - 96. Let l = -26 - f. Does 7 divide l?
False
Let j(q) = -q + 12. Let t(c) = -2*c**2 - 6 - 3*c**2 + 6*c**2 - 2*c - 3*c. Let a be t(6). Is 12 a factor of j(a)?
True
Is (100/12)/(2/6) a multiple of 4?
False
Suppose m - 12 = -3*m. Does 12 divide 36/15*(m - -2)?
True
Let q(h) be the first derivative of -h**4/4 + h**3/3 - h**2 - 2*h + 2. Is q(-3) a multiple of 20?
True
Suppose -5*p = 3*p - 696. Is 10 a factor of p?
False
Suppose 2*d + 0*b + 3*b = -11, 0 = 3*d - 3*b - 21. Let a = 0 + d. Suppose -a*k - 62 = -4*p, -p - 5*k + 20 = -1. Is 10 a factor of p?
False
Let i(l) be the third derivative of l**6/120 - l**4/24 + 4*l**3/3 - 2*l**2. Let h = 1 - 1. Is 4 a factor of i(h)?
True
Suppose 195 = 7*p - 281. Is p a multiple of 17?
True
Let v = 96 + -12. Is 28 a factor of v?
True
Let c(m) = 2*m. Let h be c(1). Does 3 divide -3*(1 - (h + 0))?
True
Suppose -12 - 8 = -5*i. Suppose m + i = -m. Is (-70)/(-25) + m/(-10) a multiple of 2?
False
Let y(u) = -u - 2. Let p be y(-4). Let d = p + -2. Suppose 5*n = -d*n + 30. Is 6 a factor of n?
True
Suppose 0 = 2*x - 4*d - 88, x = 2*x - 4*d - 50. Let h = x - 8. Is -6*h/(-9) - 3 a multiple of 14?
False
Suppose k - 141 = -98. Is 43 a factor of k?
True
Does 9 divide (-5)/15*3 + 28?
True
Suppose 0 = 2*q - 32 - 74. Is q a multiple of 17?
False
Let q = 2 - 2. Suppose q = 4*v + 8, -3*m + 5*m + 5*v + 14 = 0. Is 9 a factor of 0 + 3 + m - -17?
True
Suppose 2*f + 54 = -44. Let o = -35 - f. Does 7 divide o?
True
Let y be 4 - (-2 + 3 - -1). Let m be y - -3 - (1 - -1). Suppose -m*r + 128 = r. Does 11 divide r?
False
Let h(r) = -8*r + 5. Is 12 a factor of h(-10)?
False
Let c(s) = -s**2 - 3*s + 4. Suppose p + 6 = 2. Let r be c(p). Suppose r = 2*g - 14. Is g a multiple of 7?
True
Let c = 18 + 0. Does 9 divide c?
True
Suppose 4*a - 94 - 34 = -2*u, 0 = -2*u + 8. Is a a multiple of 10?
True
Suppose 2*m - 206 = -3*y - 56, 2*y = 2*m + 90. Suppose -2*r + 0*r = -y. Does 11 divide r?
False
Let z = 40 + 19. Let m = 150 - z. Suppose -3*i + 113 = k + 43, m = 4*i - k. Is i a multiple of 15?
False
Suppose -2*c - 2*m = -98, 0*c + 5*m = -2*c + 92. Is c a multiple of 7?
False
Suppose -188 = -4*m + 196. Is m a multiple of 20?
False
Suppose 11*j + 21 = 131. Is j a multiple of 5?
True
Let m(i) = -i**3 - 19*i**2 + 15*i - 32. Is 17 a factor of m(-20)?
True
Let g(j) = 2*j. Does 8 divide g(8)?
True
Let b = 4 - 4. Suppose b = 4*i - 5*i + 4. Is i a multiple of 4?
True
Let h(x) be the second derivative of 2*x**5 + x**2/2 - x. Is 12 a factor of h(1)?
False
Does 5 divide (0 - 3/9)/((-4)/276)?
False
Let w be 1 + -1*2/(-1). Let q be ((-3)/2)/(w/(-8)). Suppose 4*c - q*i = 52, i = -4*c - i + 82. Does 14 divide c?
False
Let i = 24 - -26. Is 11 a factor of (-6 + 4)*i/(-4)?
False
Let m = 41 + -25. Suppose -2 - m = -4*l + 2*h, 4*l - h = 19. Suppose -5*r + 90 = -0*k + l*k, 4*r - 3*k - 44 = 0. Does 14 divide r?
True
Let n(x) = -2*x - 17. Suppose -4*t + t = 39. Let l be n(t). Suppose 4*o - 28 - l = 3*m, -3*m = -o + 7. Is 10 a factor of o?
True
Let r = 41 + 43. Let q = -38 + r. Is 12 a factor of q?
False
Let m(p) = p**2 + 10*p + 16. Let t be m(-8). Suppose t*x = -4*x + 124. Does 31 divide x?
True
Suppose -45 - 21 = -3*j. Suppose -h = -s - 3, 4*h - j = 3*s - 4*s. Is s even?
True
Let p = -10 - -28. Does 6 divide p?
True
Let h(y) = -y**3 + 5*y**2 + 3*y - 2. Let w be h(6). Let f be (-108)/w - (-4)/(-10). Suppose 3*d = 4*s - 9*s + 80, -5*s + f*d + 40 = 0. Is 5 a factor of s?
False
Let u(v) = v**2 - 4*v - 5. Let q be u(5). Suppose 3*s + 0*s + 48 = q. Let i = s + 32. Is 12 a factor of i?
False
Let h be -1 + 0 - (2 - -1). Let b(m) = m**2 - 6*m - 1. Is 13 a factor of b(h)?
True
Let r(h) = 5*h - 6. Let y(a) = 10*a - 13. Let f(k) = -7*r(k) + 3*y(k). Let s be 10/(-4)*30/25. Is 8 a factor of f(s)?
False
Suppose -2*t + 9 = 5*i, 19 + 11 = 3*t + 2*i. Is t a multiple of 4?
True
Is (-123)/9*(-2)/(-4)*-6 a multiple of 11?
False
Suppose -4*r - r - 2 = -k, 0 = r. Suppose -z - k = -18. Does 8 divide z?
True
Suppose 0 = -d + r + 4, 5*d - 2*r + 0*r = 14. Is d + -3 + 54 - 3 a multiple of 25?
True
Suppose o - 4 = 8. Is o a multiple of 3?
True
Let i = -14 + 42. Does 13 divide i?
False
Let f be 2 + (-12 - (3 - 3)). Let c(h) = 4*h**2 - 2*h - 1. Let p be c(-2). Let o = f + p. Is o a multiple of 9?
True
Suppose -3*p = -0*p + 66. Let w = 54 + p. Does 20 divide w?
False
Let w = -1 - -12. Suppose k + w = -0. Let l = 15 + k. Does 2 divide l?
True
Let u be (24/14)/(4/14). Suppose -u*n + 2*n - 100 = -4*j, 3*n = -15. Let t = -2 + j. Does 18 divide t?
True
Suppose w - 27 + 2 = 0. Does 12 divide w?
False
Let p(j) = 10*j + 103. Is 16 a factor of p(0)?
False
Let l(v) = -3*v**3 + 3*v**2 - 12*v - 5. Let m(y) = -y**3 - y**2 - y. Let q(n) = -l(n) + 4*m(n). Let d be q(-8). Suppose 24 + 21 = d*o. Is o a multiple of 7?
False
Let z(c) be the third derivative of 7*c**5/10 + c**4/12 - c**3/6 + 5*c**2. Is 24 a factor of z(1)?
False
Suppose l - 7 = -d - 3*l, 0 = 3*d - 5*l + 13. Let a(b) = -3*b + 4*b - 10*b**2 + 44*b**2. Does 11 divide a(d)?
True
Let u(j) = j**2 - 9*j + 6. Let f be u(8). Is 62 - (2/1 + f) a multiple of 12?
False
Let s = 2 - 11. Let a = 15 + s. Is -51*(-1 + a/9) a multiple of 16?
False
Let u(r) = r**3 - 4*r**2 + 2*r + 2. Let p be u(4). Let q(v) = -v**2 + 12*v + 10. Is q(p) a multiple of 22?
False
Let a(q) = -q + 1. Let l be a(-3). Suppose -2*c = l*n - 82, 3*n + 24 - 98 = c. Is n a multiple of 8?
False
Let w be (-2)/(-4)*(-4 + 76). Suppose 2*z + 5*d = 3*d + w, -2*z - d + 32 = 0. Is z a multiple of 4?
False
Let m(f) = 3*f**2 - f + 74. Does 18 divide m(0)?
False
Let w be (-68)/(-20) - 2/5. Suppose -w*m + 44 = -2*m - 4*k, -5*m + 4*k = -236. Is 24 a factor of m?
True
Let n = -67 + 111. Let j = n + 0. Does 14 divide j?
False
Let z(q) = 5*q**2 + 2*q - 11. Is 14 a factor of z(5)?
False
Let z = 12 - -5. Is z a multiple of 3?
False
Let r(w) = -w**3 - w**2 + 1. Let x be r(-1). Does 17 divide -2 + 1 - -36 - x?
True
Does 8 divide (4 - 3 - 0) + 47?
True
Suppose -127 = -4*g + 225. Is 18 a factor of g?
False
Let u(j) = 7*j**3 - 3*j**2 + 2*j - 3. Let o be u(3). Is 14 a factor of 9/12 + o/4?
True
Let j = -5 + 8. Suppose -h + j*h + 2*w + 46 = 0, -h + 4*w - 38 = 0. Is 15 a factor of -1 + 1/1 - h?
False
Suppose -j = 4*n - 2*j - 17, 5*j - 35 = -4*n. Suppose 0 = -2*o - n - 1. Is 8 a factor of ((-72)/o - 2) + -2?
False
Suppose -5*c - 4*y + 330 = y, 0 = 3*c + 5*y - 194. Suppose c = 5*v + 4*t, t - 23 = -3*v + 22. Is 8 a factor of v?
True
Suppose 6 = 5*h - 4. Let s(t) = 7*t + 3*t**2 - 4 - 4*t**h - 3. Is 3 a factor of s(5)?
True
Suppose -m + 5*m + 24 = 0. Does 15 divide 10*7*m/(-12)?
False
Suppose 5 = 3*b - 37. Is b a multiple of 14?
True
Suppose -91 = -0*a - a. Let f = 68 + -29. Suppose -5*o + f = -a. Is o a multiple of 15?
False
Let k = 4 + 14. Is 4 a factor of k?
False
Is (-1700)/(-70) + 4/(-14) even?
True
Let o(z) = z + 1. Let d be o(-1). Suppose 5*w + 4*b - 40 = d, -w - 2*w = 2*b - 24. Does 17 divide (w/12)/((-4)/(-102))?
True
Is 15 a factor of 1/6 + 17537/78?
True
Suppose -2*x + 2*p = 44, -4*p - 31 = 3*x + 21. Let f = x + 29. Does 6 divide f?
False
Let m(d) = 23*d - 4. Is m(4) a multiple of 35?
False
Let z = -1 - -2. Suppose -17 = -3*h + z. Is h a multiple of 3?
True
Let u be (-1)/(-1) - -5*19. Let s be u/(-10)*(-20)/(-6). Let z = 59 + s. Is 14 a factor of z?
False
Suppose 5*f + 2*i + i - 308 = 0, -3*f + 181 = -2*i. Does 16 divide f?
False
Let y(k) = 30*k**3 - 2*k + 2. Let x be y(1). Suppose 3*w - 51 - x = 0. Does 6 divide w?
False
Let c be 3*1*(-4)/(-6). Let j(r) = -r**3 - 14*r**2 + 15*r - 15. Let n be j(-15). Does 12 divide ((-12)/5)/(c/n)?
False
Let b = -45 + 78. Is 5 a factor of b?
False
Let w = 18 + -13. Suppose 5*j - 92 = w*r - 222, -4*r + 3*j + 105 = 0. Is 9 a factor of r?
True
Let z(c) = 4 - 2 + 0 - c - 1. Is z(-7) a multiple of 6?
False
Let r(j) be the third derivative of j**5/60 - j**4/6 + j**3/6 + j**2. Does 11 divide r(7)?
True
Suppose 0 = 9*b - 28 - 80. Is 3 a factor of b?
True
Let l = -11 - -18. Is 4 a factor of -2*1*l/(-2)?
False
Suppose 0 = 2*t + 3*i - 1, -3*i - 2*i = 3*t. Suppose 0*y + y = t. Does 5 divide y?
True
Let h be ((-1)/2)/(4/(-24)). Suppose i +